{"id":589,"date":"2024-06-23T02:47:40","date_gmt":"2024-06-23T00:47:40","guid":{"rendered":"http:\/\/horebnews.net\/?page_id=589"},"modified":"2024-06-23T02:47:43","modified_gmt":"2024-06-23T00:47:43","slug":"faits-divers","status":"publish","type":"page","link":"https:\/\/horebnews.net\/index.php\/faits-divers\/","title":{"rendered":"FAITS DIVERS"},"content":{"rendered":"                <div id=\"wpmagazine-modules-lite-post-list-block-edd62bac-04b5-4fa9-8c44-be0b000080e5\" class=\"wpmagazine-modules-lite-post-list-block alignwide block-edd62bac-04b5-4fa9-8c44-be0b000080e5 cvmm-block cvmm-block-post-list--layout-default\">\r\n                        <div class=\"cvmm-post-wrapper cvmm-post--imagemargin column--one\">\r\n                        <article post-id=\"post-1354\" class=\"cvmm-post post-format--standard\" itemscope itemtype=\"http:\/\/schema.org\/articleBody\">\r\n                                                <div class=\"cvmm-post-thumb\">\r\n                                <a href=\"https:\/\/horebnews.net\/index.php\/faits-divers\/etats-unis-un-pilote-meut-en-plein-vol\/\" target=\"_self\"><img decoding=\"async\" src=\"https:\/\/horebnews.net\/wp-content\/uploads\/2024\/10\/turkish-airline3_o.jpg\" alt=\"\u00c9tats-Unis : Un pilote meut en plein vol.\"\/><\/a>\r\n                            <\/div>\r\n                    \r\n                <div class=\"cvmm-post-content-all-wrapper\">\r\n                                                <h2 class=\"cvmm-post-title\">\r\n                                <a href=\"https:\/\/horebnews.net\/index.php\/faits-divers\/etats-unis-un-pilote-meut-en-plein-vol\/\" target=\"_self\">\r\n                                    \u00c9tats-Unis : Un pilote meut en plein vol.                                <\/a>\r\n                            <\/h2>\r\n                    \r\n                    <div class=\"cvmm-post-meta cvmm-meta-icon-show\">\r\n                        <span class=\"cvmm-post-date cvmm-post-meta-item\" itemprop=\"datePublished\"><a href=\"https:\/\/horebnews.net\/index.php\/faits-divers\/etats-unis-un-pilote-meut-en-plein-vol\/\" target=\"_self\">11 octobre 2024<\/a><\/span><span class=\"cvmm-post-author-name cvmm-post-meta-item\" itemprop=\"author\"><a href=\"https:\/\/horebnews.net\/index.php\/author\/demsco82\/\" target=\"_self\">Salvador Ki\u00e9br\u00e9<\/a><\/span><span class=\"cvmm-post-comments-wrap cvmm-post-meta-item\"><a href=\"https:\/\/horebnews.net\/index.php\/faits-divers\/etats-unis-un-pilote-meut-en-plein-vol\/\/#comments\" target=\"_self\">0<span class=\"cvmm-comment-txt\">Comments<\/span><\/a><\/span>                    <\/div>\r\n                    <div class=\"cvmm-post-content\" itemprop=\"description\">C\u2019est un accident rarissime. Un vol de Turkish Airlines a \u00e9t\u00e9 contraint d\u2019atterrir en urgence\u2026<\/div><div class=\"cvmm-read-more\"><a href=\"https:\/\/horebnews.net\/index.php\/faits-divers\/etats-unis-un-pilote-meut-en-plein-vol\/\" target=\"_self\">LIRE PLUS<i class=\"fas fa-arrow-right\"><\/i><\/a><\/div>\r\n                <\/div><!-- .cvmm-post-content-all-wrapper --> \r\n            <\/article>\r\n                        <article post-id=\"post-933\" class=\"cvmm-post post-format--standard\" itemscope itemtype=\"http:\/\/schema.org\/articleBody\">\r\n                                                <div class=\"cvmm-post-thumb\">\r\n                                <a href=\"https:\/\/horebnews.net\/index.php\/faits-divers\/senegal-un-cultivateur-sequestre-et-viol-une-fille-agee-de-13-ans\/\" target=\"_self\"><img decoding=\"async\" src=\"https:\/\/horebnews.net\/wp-content\/uploads\/2024\/07\/c20dc970ccb0-GARSI.png\" alt=\"S\u00e9n\u00e9gal : Un cultivateur s\u00e9questre et viol une fille \u00e2g\u00e9e de 13 ans.\"\/><\/a>\r\n                            <\/div>\r\n                    \r\n                <div class=\"cvmm-post-content-all-wrapper\">\r\n                                                <h2 class=\"cvmm-post-title\">\r\n                                <a href=\"https:\/\/horebnews.net\/index.php\/faits-divers\/senegal-un-cultivateur-sequestre-et-viol-une-fille-agee-de-13-ans\/\" target=\"_self\">\r\n                                    S\u00e9n\u00e9gal : Un cultivateur s\u00e9questre et viol une fille \u00e2g\u00e9e de 13 ans.                                <\/a>\r\n                            <\/h2>\r\n                    \r\n                    <div class=\"cvmm-post-meta cvmm-meta-icon-show\">\r\n                        <span class=\"cvmm-post-date cvmm-post-meta-item\" itemprop=\"datePublished\"><a href=\"https:\/\/horebnews.net\/index.php\/faits-divers\/senegal-un-cultivateur-sequestre-et-viol-une-fille-agee-de-13-ans\/\" target=\"_self\">2 juillet 2024<\/a><\/span><span class=\"cvmm-post-author-name cvmm-post-meta-item\" itemprop=\"author\"><a href=\"https:\/\/horebnews.net\/index.php\/author\/madeleine-damiba\/\" target=\"_self\">Madeleine Damiba<\/a><\/span><span class=\"cvmm-post-comments-wrap cvmm-post-meta-item\"><a href=\"https:\/\/horebnews.net\/index.php\/faits-divers\/senegal-un-cultivateur-sequestre-et-viol-une-fille-agee-de-13-ans\/\/#comments\" target=\"_self\">0<span class=\"cvmm-comment-txt\">Comments<\/span><\/a><\/span>                    <\/div>\r\n                    <div class=\"cvmm-post-content\" itemprop=\"description\">Une adolescente aux initiales O. O. S., \u00e2g\u00e9e de 13 ans, a \u00e9t\u00e9 s\u00e9questr\u00e9e pendant\u2026<\/div><div class=\"cvmm-read-more\"><a href=\"https:\/\/horebnews.net\/index.php\/faits-divers\/senegal-un-cultivateur-sequestre-et-viol-une-fille-agee-de-13-ans\/\" target=\"_self\">LIRE PLUS<i class=\"fas fa-arrow-right\"><\/i><\/a><\/div>\r\n                <\/div><!-- .cvmm-post-content-all-wrapper --> \r\n            <\/article>\r\n                        <article post-id=\"post-930\" class=\"cvmm-post post-format--standard\" itemscope itemtype=\"http:\/\/schema.org\/articleBody\">\r\n                                                <div class=\"cvmm-post-thumb\">\r\n                                <a href=\"https:\/\/horebnews.net\/index.php\/faits-divers\/senegal-une-eleve-en-classe-de-cm1-meurt-dans-un-puits\/\" target=\"_self\"><img decoding=\"async\" src=\"https:\/\/horebnews.net\/wp-content\/uploads\/2024\/07\/seneweb.com_.jpg\" alt=\"S\u00e9n\u00e9gal : Une \u00e9l\u00e8ve en classe de CM1 meurt dans un puits\"\/><\/a>\r\n                            <\/div>\r\n                    \r\n                <div class=\"cvmm-post-content-all-wrapper\">\r\n                                                <h2 class=\"cvmm-post-title\">\r\n                                <a href=\"https:\/\/horebnews.net\/index.php\/faits-divers\/senegal-une-eleve-en-classe-de-cm1-meurt-dans-un-puits\/\" target=\"_self\">\r\n                                    S\u00e9n\u00e9gal : Une \u00e9l\u00e8ve en classe de CM1 meurt dans un puits                                <\/a>\r\n                            <\/h2>\r\n                    \r\n                    <div class=\"cvmm-post-meta cvmm-meta-icon-show\">\r\n                        <span class=\"cvmm-post-date cvmm-post-meta-item\" itemprop=\"datePublished\"><a href=\"https:\/\/horebnews.net\/index.php\/faits-divers\/senegal-une-eleve-en-classe-de-cm1-meurt-dans-un-puits\/\" target=\"_self\">2 juillet 2024<\/a><\/span><span class=\"cvmm-post-author-name cvmm-post-meta-item\" itemprop=\"author\"><a href=\"https:\/\/horebnews.net\/index.php\/author\/madeleine-damiba\/\" target=\"_self\">Madeleine Damiba<\/a><\/span><span class=\"cvmm-post-comments-wrap cvmm-post-meta-item\"><a href=\"https:\/\/horebnews.net\/index.php\/faits-divers\/senegal-une-eleve-en-classe-de-cm1-meurt-dans-un-puits\/\/#comments\" target=\"_self\">0<span class=\"cvmm-comment-txt\">Comments<\/span><\/a><\/span>                    <\/div>\r\n                    <div class=\"cvmm-post-content\" itemprop=\"description\">Une \u00e9l\u00e8ve en classe de classe CM1 est tomb\u00e9e le 13 juin 2024 dans le\u2026<\/div><div class=\"cvmm-read-more\"><a href=\"https:\/\/horebnews.net\/index.php\/faits-divers\/senegal-une-eleve-en-classe-de-cm1-meurt-dans-un-puits\/\" target=\"_self\">LIRE PLUS<i class=\"fas fa-arrow-right\"><\/i><\/a><\/div>\r\n                <\/div><!-- .cvmm-post-content-all-wrapper --> \r\n            <\/article>\r\n                        <article post-id=\"post-927\" class=\"cvmm-post post-format--standard\" itemscope itemtype=\"http:\/\/schema.org\/articleBody\">\r\n                                                <div class=\"cvmm-post-thumb\">\r\n                                <a href=\"https:\/\/horebnews.net\/index.php\/faits-divers\/amoureux-dalcool-ils-meurent-apres-la-consommation-dune-bouteille-trouvee-en-mer\/\" target=\"_self\"><img decoding=\"async\" src=\"https:\/\/horebnews.net\/wp-content\/uploads\/2024\/07\/image.jpg\" alt=\"Amoureux d\u2019alcool : Ils meurent apr\u00e8s la consommation d\u2019une bouteille trouv\u00e9e en mer.\"\/><\/a>\r\n                            <\/div>\r\n                    \r\n                <div class=\"cvmm-post-content-all-wrapper\">\r\n                                                <h2 class=\"cvmm-post-title\">\r\n                                <a href=\"https:\/\/horebnews.net\/index.php\/faits-divers\/amoureux-dalcool-ils-meurent-apres-la-consommation-dune-bouteille-trouvee-en-mer\/\" target=\"_self\">\r\n                                    Amoureux d\u2019alcool : Ils meurent apr\u00e8s la consommation d\u2019une bouteille trouv\u00e9e en mer.                                <\/a>\r\n                            <\/h2>\r\n                    \r\n                    <div class=\"cvmm-post-meta cvmm-meta-icon-show\">\r\n                        <span class=\"cvmm-post-date cvmm-post-meta-item\" itemprop=\"datePublished\"><a href=\"https:\/\/horebnews.net\/index.php\/faits-divers\/amoureux-dalcool-ils-meurent-apres-la-consommation-dune-bouteille-trouvee-en-mer\/\" target=\"_self\">2 juillet 2024<\/a><\/span><span class=\"cvmm-post-author-name cvmm-post-meta-item\" itemprop=\"author\"><a href=\"https:\/\/horebnews.net\/index.php\/author\/madeleine-damiba\/\" target=\"_self\">Madeleine Damiba<\/a><\/span><span class=\"cvmm-post-comments-wrap cvmm-post-meta-item\"><a href=\"https:\/\/horebnews.net\/index.php\/faits-divers\/amoureux-dalcool-ils-meurent-apres-la-consommation-dune-bouteille-trouvee-en-mer\/\/#comments\" target=\"_self\">0<span class=\"cvmm-comment-txt\">Comments<\/span><\/a><\/span>                    <\/div>\r\n                    <div class=\"cvmm-post-content\" itemprop=\"description\">Cinq marins sri-lankais sont d\u00e9c\u00e9d\u00e9s apr\u00e8s avoir bu le contenu d\u2019une bouteille trouv\u00e9e \u00e0 la\u2026<\/div><div class=\"cvmm-read-more\"><a href=\"https:\/\/horebnews.net\/index.php\/faits-divers\/amoureux-dalcool-ils-meurent-apres-la-consommation-dune-bouteille-trouvee-en-mer\/\" target=\"_self\">LIRE PLUS<i class=\"fas fa-arrow-right\"><\/i><\/a><\/div>\r\n                <\/div><!-- .cvmm-post-content-all-wrapper --> \r\n            <\/article>\r\n            <\/div>                <\/div><!-- #wpmagazine-modules-post-list-block -->\r\n        ","protected":false},"excerpt":{"rendered":"","protected":false},"author":1,"featured_media":0,"parent":0,"menu_order":0,"comment_status":"closed","ping_status":"closed","template":"","meta":{"footnotes":""},"yoast_head":"<!-- This site is optimized with the Yoast SEO plugin v22.9 - https:\/\/yoast.com\/wordpress\/plugins\/seo\/ -->\n<title>FAITS DIVERS - HOREBNEWS<\/title>\n<meta name=\"robots\" content=\"index, follow, max-snippet:-1, max-image-preview:large, max-video-preview:-1\" \/>\n<link rel=\"canonical\" href=\"https:\/\/horebnews.net\/index.php\/faits-divers\/\" \/>\n<meta property=\"og:locale\" content=\"fr_FR\" \/>\n<meta property=\"og:type\" content=\"article\" \/>\n<meta property=\"og:title\" content=\"FAITS DIVERS - HOREBNEWS\" \/>\n<meta property=\"og:url\" content=\"https:\/\/horebnews.net\/index.php\/faits-divers\/\" \/>\n<meta property=\"og:site_name\" content=\"HOREBNEWS\" \/>\n<meta property=\"article:modified_time\" content=\"2024-06-23T00:47:43+00:00\" \/>\n<meta name=\"twitter:card\" content=\"summary_large_image\" \/>\n<script type=\"application\/ld+json\" class=\"yoast-schema-graph\">{\"@context\":\"https:\/\/schema.org\",\"@graph\":[{\"@type\":\"WebPage\",\"@id\":\"https:\/\/horebnews.net\/index.php\/faits-divers\/\",\"url\":\"https:\/\/horebnews.net\/index.php\/faits-divers\/\",\"name\":\"FAITS DIVERS - HOREBNEWS\",\"isPartOf\":{\"@id\":\"https:\/\/horebnews.net\/#website\"},\"datePublished\":\"2024-06-23T00:47:40+00:00\",\"dateModified\":\"2024-06-23T00:47:43+00:00\",\"breadcrumb\":{\"@id\":\"https:\/\/horebnews.net\/index.php\/faits-divers\/#breadcrumb\"},\"inLanguage\":\"fr-FR\",\"potentialAction\":[{\"@type\":\"ReadAction\",\"target\":[\"https:\/\/horebnews.net\/index.php\/faits-divers\/\"]}]},{\"@type\":\"BreadcrumbList\",\"@id\":\"https:\/\/horebnews.net\/index.php\/faits-divers\/#breadcrumb\",\"itemListElement\":[{\"@type\":\"ListItem\",\"position\":1,\"name\":\"Accueil\",\"item\":\"https:\/\/horebnews.net\/\"},{\"@type\":\"ListItem\",\"position\":2,\"name\":\"FAITS DIVERS\"}]},{\"@type\":\"WebSite\",\"@id\":\"https:\/\/horebnews.net\/#website\",\"url\":\"https:\/\/horebnews.net\/\",\"name\":\"HOREBNEWS\",\"description\":\"La vraie info\",\"publisher\":{\"@id\":\"https:\/\/horebnews.net\/#organization\"},\"potentialAction\":[{\"@type\":\"SearchAction\",\"target\":{\"@type\":\"EntryPoint\",\"urlTemplate\":\"https:\/\/horebnews.net\/?s={search_term_string}\"},\"query-input\":\"required name=search_term_string\"}],\"inLanguage\":\"fr-FR\"},{\"@type\":\"Organization\",\"@id\":\"https:\/\/horebnews.net\/#organization\",\"name\":\"HOREBNEWS\",\"url\":\"https:\/\/horebnews.net\/\",\"logo\":{\"@type\":\"ImageObject\",\"inLanguage\":\"fr-FR\",\"@id\":\"https:\/\/horebnews.net\/#\/schema\/logo\/image\/\",\"url\":\"http:\/\/horebnews.net\/wp-content\/uploads\/2024\/06\/Image-collee-7.png\",\"contentUrl\":\"http:\/\/horebnews.net\/wp-content\/uploads\/2024\/06\/Image-collee-7.png\",\"width\":399,\"height\":113,\"caption\":\"HOREBNEWS\"},\"image\":{\"@id\":\"https:\/\/horebnews.net\/#\/schema\/logo\/image\/\"}}]}<\/script>\n<!-- \/ Yoast SEO plugin. -->","yoast_head_json":{"title":"FAITS DIVERS - HOREBNEWS","robots":{"index":"index","follow":"follow","max-snippet":"max-snippet:-1","max-image-preview":"max-image-preview:large","max-video-preview":"max-video-preview:-1"},"canonical":"https:\/\/horebnews.net\/index.php\/faits-divers\/","og_locale":"fr_FR","og_type":"article","og_title":"FAITS DIVERS - HOREBNEWS","og_url":"https:\/\/horebnews.net\/index.php\/faits-divers\/","og_site_name":"HOREBNEWS","article_modified_time":"2024-06-23T00:47:43+00:00","twitter_card":"summary_large_image","schema":{"@context":"https:\/\/schema.org","@graph":[{"@type":"WebPage","@id":"https:\/\/horebnews.net\/index.php\/faits-divers\/","url":"https:\/\/horebnews.net\/index.php\/faits-divers\/","name":"FAITS DIVERS - HOREBNEWS","isPartOf":{"@id":"https:\/\/horebnews.net\/#website"},"datePublished":"2024-06-23T00:47:40+00:00","dateModified":"2024-06-23T00:47:43+00:00","breadcrumb":{"@id":"https:\/\/horebnews.net\/index.php\/faits-divers\/#breadcrumb"},"inLanguage":"fr-FR","potentialAction":[{"@type":"ReadAction","target":["https:\/\/horebnews.net\/index.php\/faits-divers\/"]}]},{"@type":"BreadcrumbList","@id":"https:\/\/horebnews.net\/index.php\/faits-divers\/#breadcrumb","itemListElement":[{"@type":"ListItem","position":1,"name":"Accueil","item":"https:\/\/horebnews.net\/"},{"@type":"ListItem","position":2,"name":"FAITS DIVERS"}]},{"@type":"WebSite","@id":"https:\/\/horebnews.net\/#website","url":"https:\/\/horebnews.net\/","name":"HOREBNEWS","description":"La vraie info","publisher":{"@id":"https:\/\/horebnews.net\/#organization"},"potentialAction":[{"@type":"SearchAction","target":{"@type":"EntryPoint","urlTemplate":"https:\/\/horebnews.net\/?s={search_term_string}"},"query-input":"required name=search_term_string"}],"inLanguage":"fr-FR"},{"@type":"Organization","@id":"https:\/\/horebnews.net\/#organization","name":"HOREBNEWS","url":"https:\/\/horebnews.net\/","logo":{"@type":"ImageObject","inLanguage":"fr-FR","@id":"https:\/\/horebnews.net\/#\/schema\/logo\/image\/","url":"http:\/\/horebnews.net\/wp-content\/uploads\/2024\/06\/Image-collee-7.png","contentUrl":"http:\/\/horebnews.net\/wp-content\/uploads\/2024\/06\/Image-collee-7.png","width":399,"height":113,"caption":"HOREBNEWS"},"image":{"@id":"https:\/\/horebnews.net\/#\/schema\/logo\/image\/"}}]}},"wpmagazine_modules_lite_featured_media_urls":{"thumbnail":"","cvmm-medium":"","cvmm-medium-plus":"","cvmm-portrait":"","cvmm-medium-square":"","cvmm-large":"","cvmm-small":"","full":""},"categories_names":null,"comments_number":"0","_links":{"self":[{"href":"https:\/\/horebnews.net\/index.php\/wp-json\/wp\/v2\/pages\/589"}],"collection":[{"href":"https:\/\/horebnews.net\/index.php\/wp-json\/wp\/v2\/pages"}],"about":[{"href":"https:\/\/horebnews.net\/index.php\/wp-json\/wp\/v2\/types\/page"}],"author":[{"embeddable":true,"href":"https:\/\/horebnews.net\/index.php\/wp-json\/wp\/v2\/users\/1"}],"replies":[{"embeddable":true,"href":"https:\/\/horebnews.net\/index.php\/wp-json\/wp\/v2\/comments?post=589"}],"version-history":[{"count":2,"href":"https:\/\/horebnews.net\/index.php\/wp-json\/wp\/v2\/pages\/589\/revisions"}],"predecessor-version":[{"id":591,"href":"https:\/\/horebnews.net\/index.php\/wp-json\/wp\/v2\/pages\/589\/revisions\/591"}],"wp:attachment":[{"href":"https:\/\/horebnews.net\/index.php\/wp-json\/wp\/v2\/media?parent=589"}],"curies":[{"name":"wp","href":"https:\/\/api.w.org\/{rel}","templated":true}]}}